uppose -3*t - 43 = -w*t. Suppose 5 - 4 = 2*m - 5*p, 0 = -5*m - p + t. What are the prime factors of m?
2
Let z be (1 + -1 - 2)*(-376)/16. Let t = z - 45. Suppose -3*v + 349 = 2*d, -2*v = t*d - 224 - 6. What are the prime factors of v?
7, 17
What are the prime factors of (-1 - -713)/(-1 - 6/(-4))?
2, 89
Let p(k) = 16*k**2 - 7*k - 26. Let t = 271 - 263. List the prime factors of p(t).
2, 3, 157
Suppose -220 = 6*z - 2788. Let q = z - 175. List the prime factors of q.
11, 23
Let q(i) = -952*i + 3321. List the prime factors of q(-14).
16649
Let l = -138624 + 204769. What are the prime factors of l?
5, 13229
Let n(i) = -i**3 - 16*i**2 + 2*i + 29. Let g be n(-16). Let p be 37 + (2/9 - 16/(-9)). Let v = p - g. What are the prime factors of v?
2, 3, 7
Let n(q) = -20 + 21*q - 7*q - 14*q**3 + 13*q**3 - 8*q**2. What are the prime factors of n(-11)?
3, 7
Suppose 0 = 2*d + 15 - 25. Let r be ((-2)/d)/((-9)/1755). Let x = r + -12. What are the prime factors of x?
2, 3, 11
Let c = 18 + -10. Suppose -17*w = c*w - 5450. List the prime factors of w.
2, 109
Suppose -4354*r - 29253 = -4375*r. What are the prime factors of r?
7, 199
Suppose 62929 - 4353 = 56*l. What are the prime factors of l?
2, 523
Let w(h) = -4*h**3 - h**2 - h**3 - 3*h - 2*h**3 - 8*h**3 - 1. List the prime factors of w(-2).
11
Let g be 1/(8/(-12) - -1). Let l be 3 + 0/(1 + g). Suppose l*x + f - 214 = 5*f, 3*x - 3*f - 210 = 0. What are the prime factors of x?
2, 3, 11
Let w = 161 - 156. Suppose 3*n = -5*a + 2817, -3*a + w*a + 3756 = 4*n. What are the prime factors of n?
3, 313
Let b = -150 - -153. Suppose b*y - 1049 = -w + 5*w, 5*w - 684 = -2*y. What are the prime factors of y?
347
Let g be (-28)/(3 + (-5 - 0)). Let n be (-1 + -11)*g/(-4)*-1. List the prime factors of 1*(-2)/(-6) - 1666/n.
2, 5
What are the prime factors of 1321738/154 - 2/(-7)?
3, 2861
Suppose y - 6 = 0, 270*y - 271*y = 5*a - 123301. What are the prime factors of a?
24659
Suppose 50 = -2*x + 248. Suppose 9*s = x + 2511. Suppose m + 4*m = s. What are the prime factors of m?
2, 29
Suppose 3*s + 2*v = 77095, -239*s + 241*s - 51414 = 3*v. What are the prime factors of s?
3, 13, 659
Let v(g) be the third derivative of g**5/30 + 5*g**4/24 + 7*g**3/2 - 2*g**2 + 1. List the prime factors of v(13).
2, 53
Let g = -371 + 372. List the prime factors of (3 + -2)*942/2*g.
3, 157
Let l be 43*(3 + 4/(-2)). Suppose 2*j - 4*a - 40 = 0, -3*a - l - 64 = -5*j. What are the prime factors of (-1 + (-3)/(-2))/(1/j)?
11
Suppose -9*q = -1272 - 267. Suppose 3*v = 54 + q. List the prime factors of v.
3, 5
Let b(i) = -167*i - 1755. List the prime factors of b(-17).
2, 271
What are the prime factors of (274222/10 - 17*(-23)/(-1955)) + -1?
17, 1613
Suppose 117*l - 112*l = 60. Suppose l*n + 3*n - 5760 = 0. List the prime factors of n.
2, 3
Let w be (27 - 28)*(-121)/(-3)*-51. Let g = -746 + w. List the prime factors of g.
3, 19, 23
Suppose -6*v - 4601 - 19081 = 0. List the prime factors of 93/155 - 2/10*v.
2, 5, 79
Let c = -200 - -197. Let a(j) = -12*j**3 + 5*j**2 + 2*j - 7. List the prime factors of a(c).
2, 89
List the prime factors of (-34 - -33)/(4/(-28708)).
7177
Let w(m) = -5*m**2 - 13*m + 20. Let k(r) = -6*r**2 - 14*r + 21. Let v(x) = 6*k(x) - 7*w(x). Let f be v(4). List the prime factors of (-4 - 4/f) + 63.
61
Let k(o) = o**2 - 92*o + 382. List the prime factors of k(-72).
2, 5, 23, 53
Let j(a) = a**3 - a**2 - 80. Let s be j(0). Suppose 31*w + 6270 = -20*w - 44*w. Let t = w - s. What are the prime factors of t?
2, 7
Let m(b) = 579*b + 1982. What are the prime factors of m(43)?
26879
What are the prime factors of 12/(-21) + 91501/7?
3, 4357
Let z be ((-20)/12)/5*-15. Suppose -5*p + 5 = -3*w + 4*w, -5*w = -5*p + z. List the prime factors of p - (-5 + 3) - -10.
13
Let c = -60 - -44. Let t be -15*(23/(-55) + c/88). Suppose -t*k - 2*k = -418. What are the prime factors of k?
2, 19
Let a(p) = 11*p - 304. Let d be a(30). Suppose -274 = -y + q, y - 268 = d*q - 31*q. What are the prime factors of y?
3, 7, 13
Let c be (-4 + -2)*3/(-2). What are the prime factors of (-2)/c + (-9724)/(-18) + -1?
7, 11
Let n(b) = -b**3 + b**2 - 2*b + 7. Suppose 0 = -p - 1, -5*y + 364 = 5*p - 106. Let o = y - 100. List the prime factors of n(o).
167
Suppose -154659 = -15*h - 14589. List the prime factors of h.
2, 7, 23, 29
Suppose 9*t - 42 = -15. Let i be (-336)/2 + (t - 3). Let b = 264 + i. List the prime factors of b.
2, 3
Suppose 0*m = 4*m - 748. Suppose 4*d + 2*u + 350 = 0, -4*d = -6*d + 3*u - 171. Let k = m + d. List the prime factors of k.
2, 5
Let l(i) = 23*i + 10. Let z = 724 - 719. List the prime factors of l(z).
5
Suppose -466*u + 477*u = 0. Let p(a) = 45*a**2. Let i be p(-2). Suppose -3*l = -u*l + m - i, 0 = 3*m - 9. List the prime factors of l.
59
Let x(v) = 2*v**2 + 37*v - 13. Let g be x(-19). List the prime factors of 266 - (8/12)/(g/(-27)).
269
Let y(b) = 180*b - 6. Let w be y(-3). Let v = 52 - w. What are the prime factors of v?
2, 13, 23
Let k = -72 + -84. Let j = 341 + k. What are the prime factors of j?
5, 37
What are the prime factors of (14982/18)/(55/99 - (-4)/(-18))?
11, 227
Suppose 0 = 3*o + 9, -7*o + 6*o = -3*u + 18. Suppose 0*q + 422 = q - u*a, 792 = 2*q + 3*a. What are the prime factors of q?
2, 3, 67
Let x = 138084 + -83222. List the prime factors of x.
2, 27431
Let j(l) = 25*l**2 + 12*l + 28. Let w be j(-6). Suppose -4*d = -860 - w. What are the prime factors of d?
3, 11, 13
Suppose -33803 - 60458 = -17*o + 149179. What are the prime factors of o?
2, 5, 179
Let p(b) = -2*b**3 - 2*b**2 + 5*b - 8. Let k be p(6). Let d = -206 - k. What are the prime factors of d?
2, 3, 23
Suppose -v - i + 4014 = 0, -605*i + 600*i = -25. What are the prime factors of v?
19, 211
What are the prime factors of ((-279)/(-15) + 19)/(1/940) + 6?
2, 5, 7, 101
Let u = -44718 - -64553. List the prime factors of u.
5, 3967
What are the prime factors of (193 - 163)/((-1)/(-369))?
2, 3, 5, 41
Let m be (-108)/90*(-5)/3. Suppose m*z - 478 = -v, 2*z - 486 = -0*z + v. List the prime factors of z.
241
Let r(o) = 249*o + 243*o - 497*o + 66. List the prime factors of r(10).
2
Suppose j - 6 + 9 = 0, 3*j = -f - 974. Let n = f + 2237. What are the prime factors of n?
2, 3, 53
Let j(w) = -w**2 - 2*w + 54. Let s be j(-10). What are the prime factors of s/(-9) - (-3)/27?
3
Suppose -i = -6 + 4. Suppose -4*r + 5*l + 33 = 0, 4*r - i*l = l + 31. Suppose 8*b = r*b + 115. What are the prime factors of b?
5, 23
Let c = 21 + -19. Suppose m + c = 2*v, -2*m - v = -m - 4. Suppose -30 = -4*b + 4*r - m*r, -5*r = -4*b + 45. List the prime factors of b.
5
Suppose -5*h + 80 = -5*x, -23*x - 10 = -h - 24*x. Suppose h*i = -1633 + 9732. List the prime factors of i.
7, 89
Let z = -28786 + 39553. List the prime factors of z.
3, 37, 97
Suppose 8 = -2*o + 3*g - 3, -5*o - 17 = -4*g. What are the prime factors of 565/o*(-42)/70?
3, 113
Suppose -5*p = 8 - 33, 0 = -2*l - p + 7653. What are the prime factors of l?
2, 239
Suppose -14*y - 34*y - 171*y + 4204362 = 0. What are the prime factors of y?
2, 29, 331
Let s(g) = -26*g + 184. Let r be s(7). Suppose 0 = -2*x - r*l + 3796, -5*l + 6*l + 1908 = x. List the prime factors of x.
11, 173
What are the prime factors of (-45)/(-10) + (-245)/70 - -6710?
3, 2237
Let r = 254 - 260. What are the prime factors of 5*(-5 - r) + (-4 - -75)?
2, 19
Let i = -746 - -1067. Suppose 5*a + j - 309 = 4*a, 0 = a - 5*j - i. Let n = a + -221. List the prime factors of n.
2, 3, 5
Let k = -498 - -747. What are the prime factors of -1*(3 - -1) + k?
5, 7
Suppose -6 = b, -5*w = -2*b - 0*b - 49132. List the prime factors of w.
2, 307
Suppose -6*x + 3*x - 3*l + 59772 = 0, 99628 = 5*x + 3*l. List the prime factors of x.
2, 47, 53
Let k = 28456 - 15755. List the prime factors of k.
13, 977
Let x(c) = 200*c - 23. Let d be x(4). Suppose d = 3*i - 147. List the prime factors of i.
2, 7, 11
Suppose 0 = 4*i + 3*a + 134, 4*i = 6*i + 4*a + 62. Let y = i + 40. Suppose -y*b - 3*t + 284 = -86, 66 = b - t. What are the prime factors of b?
71
Let t(p) = 9*p**2 + 22*p - 122. Let h be t(7). Suppose -z + h = u, -3*u = -5*u + 10. List the prime factors of z.
2, 3, 13
Let k(y) = -4*y**2 - 298*y - 19. What are the prime factors of k(-53)?
3, 17, 89
Suppose 0 = 5*g - 2*b - 5, -4*g - 10*b = -8*b - 22. Suppose c - 3*v = 115, 7*c 